ose t*k - 48 = -3*s, 0*s + 4*s - 64 = 5*k. Suppose 0 = 2*u + 3*u - 120. What is the highest common factor of s and u?
8
Suppose -6*k = 2*j - k - 42, -3*j + 38 = -5*k. Let o be (1 + (0 - -60))*3. Let y = o + -55. What is the greatest common factor of j and y?
16
Suppose 0 = 4*v - 9*v + 2*u + 84, -2*v = -u - 34. Calculate the highest common divisor of v and 144.
16
Let f(c) = -c. Let x be f(-24). Suppose 0 = -3*r + r - 6. Let y be (1/r)/((-2)/18). What is the highest common divisor of y and x?
3
Let r be ((-8)/12)/((-2)/81). What is the greatest common divisor of r and 18?
9
Suppose -4*i = -2*b + 104, -7*b - 104 = 4*i - 2*b. Let n = 56 + i. Calculate the greatest common factor of n and 45.
15
Let o(r) = -10*r**2 - r - 1. Let y be o(-3). Let p be y/(-10) + (-3)/(-15). Calculate the highest common divisor of 72 and p.
9
Let d(l) = 3*l**2 - 3*l - 4. Let g be d(3). Suppose 9 = -5*k + 2*k. Let x(u) = -15*u - 3. Let t be x(k). What is the highest common divisor of t and g?
14
Suppose -3*c + 30 + 36 = 0. What is the greatest common divisor of c and 11?
11
Suppose 3*o + 3*r + 354 = 0, 4*o + r + 316 + 144 = 0. Let s be (1/3)/((-2)/o). Suppose -2*g - 7 = -s. What is the greatest common factor of 4 and g?
2
Let c(n) be the first derivative of 3*n**3 + 2*n**2 + 2*n + 4. Let t be c(-2). What is the greatest common divisor of 20 and t?
10
Let l(q) = -q**3 + 6*q**2 - 6*q + 7. Let p be l(5). Calculate the highest common factor of 18 and p.
2
Let u(a) = 2*a + 11. Let i be u(-3). Suppose 0*b - 10 = -b. Calculate the greatest common factor of i and b.
5
Let s(z) = -z**3 + 11*z**2 - 11*z - 7. Let m be s(9). Let a be 16*(-1 + (-3)/(-2)). What is the highest common divisor of m and a?
8
Suppose 177 = 5*n - k + 1, -n = -4*k - 20. Suppose -z + 69 + n = 0. What is the highest common factor of 21 and z?
21
Let o(b) = 4*b - 36. Let w be o(11). Calculate the highest common factor of 40 and w.
8
Suppose 4*f - 3*f - 287 = -2*x, -2*x + 1475 = 5*f. Let d = -201 + f. What is the highest common factor of d and 16?
16
Let a(b) be the first derivative of -7*b**2/2 - 4*b - 2. Let x be a(-4). Calculate the greatest common factor of 8 and x.
8
Suppose i + 6 = -0*i. Let t(b) = -2*b + 4. Let d be t(i). Calculate the greatest common divisor of 144 and d.
16
Let h(y) = 4*y**2 + y. Let o = 5 - 7. Let d be h(o). Calculate the highest common factor of d and 2.
2
Suppose 0 = -3*d + 37 - 1. Let m be (d*1)/((-12)/(-40)). Suppose 2*w + 55 = 5*s, -m = -s + 5*w - 6. Calculate the greatest common factor of 99 and s.
9
Let d = 6 - 2. Let q(v) = 7*v. Let g be q(d). Suppose 5*h + 11 = 81. Calculate the greatest common factor of h and g.
14
Suppose 965 = -2*q - 309. Let j = -352 - q. Suppose -g = 2*g - j. What is the highest common factor of 19 and g?
19
Suppose -3*j + k = 2, 4*j + 5*k + 1 = 6*k. Suppose j - 10 = -l. What is the greatest common factor of l and 9?
9
Suppose 0 = 4*f + 8, 4*f - 157 = -5*r - 0*r. Calculate the highest common divisor of r and 11.
11
Suppose -4 = -2*m - a, 0 = -2*a - 1 + 9. Suppose m = -3*c - 0*c + 36. Let b = -4 + c. Calculate the greatest common factor of 8 and b.
8
Suppose 3*f - 9 = -0*f. Let l be f - (-117 - 3) - 2. Calculate the greatest common divisor of 11 and l.
11
Suppose 105*l = 107*l - 24. What is the highest common factor of l and 12?
12
Let f = -10 + 14. Let b(l) = -2*l**2 + l**2 - 2*l + f*l**2 - l**2. Let q be b(-2). What is the greatest common factor of q and 132?
12
Let j(k) = 19*k**2 - 3*k - 1 - 3*k + 5*k - 17*k**2. Let v be j(-1). What is the greatest common factor of v and 1?
1
Let l = 4 + 3. Let i(w) = w**3 + 12*w**2 + 2. Let s be i(-12). Suppose l = s*p - p. Calculate the highest common factor of p and 56.
7
Let g = -12 - -24. Suppose -3*h - 53 + 197 = 0. What is the highest common factor of h and g?
12
Suppose -n + 4*n - 15 = -3*w, -15 = -5*n. Calculate the greatest common factor of 8 and w.
2
Suppose 176 = 7*s - 6*s. Calculate the greatest common factor of 11 and s.
11
Let v(a) = 3*a**2 + 5. Let p be v(4). Suppose -3*t + 15 = y, -t + 4*t = -12. Suppose -4*j + p = -y. What is the highest common factor of 50 and j?
10
Let i(r) = r**3 - 4*r**2 + 3*r + 2. Let y be i(4). Let t = -8 - -15. What is the highest common factor of y and t?
7
Suppose 3*g = 287 - 89. Suppose -2*k - g = -j + 4*j, 5*j = 0. Let q = k - -50. Calculate the highest common factor of 51 and q.
17
Let n(g) = -2*g**3 - 7*g**2 - 3*g + 6. Let m be n(-6). Let q = m + -106. What is the highest common divisor of 14 and q?
14
Let c(q) = 7*q - 7. Let l be c(5). Let t(y) = -y**2 + 6*y - 1. Let p be t(4). Suppose -2*a + p*a - 350 = 0. What is the greatest common factor of l and a?
14
Let g(o) = -8*o + 1. Let r be g(7). Let w = -20 - r. Let t = -239 - -246. Calculate the highest common factor of w and t.
7
Let y = 242 + -92. What is the highest common divisor of 30 and y?
30
Let d be (-46)/(-8) - (-8)/32. Calculate the greatest common factor of d and 2.
2
Suppose -2 = -2*u - 2*i, -5 = 8*i - 3*i. Suppose 16 = x - u*q, 4*x + x - 4*q - 74 = 0. Calculate the highest common divisor of x and 70.
14
Suppose 8*g - 25 = 3*g. Suppose -4*q = -g*q + 15. Calculate the highest common divisor of q and 3.
3
Let w(b) = 4*b**2 - 3*b**2 - 7*b + 7 - 3*b - 14. Let c be w(-7). What is the highest common factor of c and 14?
14
Suppose -3*m + 35 = -2*m. Let x be -5*1/(-5)*118. Let l be x/8 - (-6)/(-8). Calculate the highest common divisor of m and l.
7
Let d be 90/(-24)*((-1)/(-1) + -9). Calculate the greatest common factor of 20 and d.
10
Let d = -3 + 5. Suppose 0*u - u = -d*w - 26, 22 = u - w. Calculate the highest common divisor of 6 and u.
6
Let z(u) = -u**3 - u**2 + u + 11. Let y be z(0). Let l = 28 + -6. What is the greatest common factor of l and y?
11
Let w = -22 + 87. Suppose 0 = 5*c + 6 - 61. Suppose -5*z + 119 = -c. Calculate the highest common divisor of z and w.
13
Suppose -4*v + 39 = 3*f - 3*v, 5*v - 75 = -5*f. Let g be (-1)/(-3) - (-119)/21. Calculate the greatest common divisor of f and g.
6
Let u = 68 + -45. Suppose 3*l - u = -5*n, 4 = -3*n + 16. Let d = l + 2. Calculate the highest common factor of 9 and d.
3
Suppose -5*v + 30 = -35. Let p(g) = 2*g + 1. Let o be p(4). Let k = o - -4. Calculate the greatest common factor of v and k.
13
Let c = -9 + 12. Let y be c/3 + -1 + 8. What is the highest common divisor of y and 8?
8
Suppose 0 = -2*q - z + 5 + 5, -2*q - 4*z = -16. Suppose q*s + 0*s - 104 = 0. Calculate the greatest common factor of 13 and s.
13
Let d = 7 - 1. What is the highest common divisor of d and 48?
6
Suppose -41 = -3*g - 0*g - 4*t, 4*t - 13 = g. Calculate the highest common divisor of g and 77.
7
Suppose 0 = -0*l - l + 157. Suppose -2*y + l = -y - 5*m, -5*y - 3*m = -757. What is the greatest common divisor of 19 and y?
19
Let y(s) = -s**3 + 8*s**2 + s - 5. Let u be y(8). Calculate the highest common divisor of 36 and u.
3
Let s(y) = 4*y**2. Let d be s(-3). Suppose 2*k - 132 = -d. Suppose -5*a + k = -a. What is the highest common factor of 84 and a?
12
Let y(w) = -w**2 - 7*w - 6. Let a be y(-5). Let l be (-8 + 9)/((-2)/4 + 1). Calculate the greatest common divisor of l and a.
2
Let v be ((-3)/(-3)*7)/(-1). Let x = v + 9. Calculate the greatest common factor of x and 8.
2
Let k be 15/2*44/33. Calculate the highest common factor of k and 5.
5
Let y = 47 + -41. Calculate the highest common factor of 66 and y.
6
Suppose 5*s - 20 = 0, 3*y = 5*s - 21 - 32. Let q = 18 + y. Let v(d) = -3*d - 5. Let g be v(-11). What is the highest common factor of g and q?
7
Let r(i) = -i**2 + 10*i + 3. Let d be r(7). Let w = -1 + -10. Let x be 2/w + 662/11. Calculate the highest common factor of d and x.
12
Let o(x) be the first derivative of -x**4/4 - 2*x**3/3 + 4*x + 1. Let h be o(-3). What is the highest common factor of 65 and h?
13
Let c = 95 - 58. Let t = -4 + 9. Suppose 4*q - 80 = -q - t*g, 2*q + 3*g - c = 0. What is the greatest common divisor of 66 and q?
11
Suppose -2*l + 72 = -0*l - 4*j, 4*j - 138 = -5*l. Calculate the greatest common divisor of 70 and l.
10
Let j = 5 - 3. Suppose -3*d + j*d + 2 = 0. Calculate the greatest common divisor of 22 and d.
2
Suppose -13 + 2 = -j. Let c(m) = m**3 - 13*m**2 + 2*m - 15. Let b be c(13). Calculate the greatest common factor of b and j.
11
Suppose -4*o + 4*a = -84